 = 2*q + 7. Suppose 2*f - 11 = -q. Let x(u) = 2*u + 6. Give x(f).
16
Let r be 14/2 + (-4 - -4). Let j(u) = u - 5. Let c(f) = -2*f + 7. Let v(l) = r*j(l) + 5*c(l). Give v(2).
-6
Suppose 0*b - 2*b = 2*o - 22, -5*o + 64 = 2*b. Let c(d) = -31 + d**3 + d + o + d**2 + 13. Determine c(-3).
-25
Let v(s) = s + 7. Let b(r) = 8*r + 12. Let k be b(-10). Let l = 62 + k. Determine v(l).
1
Suppose 4*z = 4*n + n + 230, -4*z + 246 = 3*n. Let y = 64 - z. Let u(d) be the second derivative of -d**3/3 + 2*d**2 - d. Determine u(y).
-4
Let a be (-5 + 15/3)/(2/(-2)). Let o(p) = -57*p**2 + 54*p**2 - 4*p - 3 + a*p. Give o(-2).
-7
Suppose 0 = a - 0 - 3. Suppose -a = m - 0, 4*m = -3*k - 6. Let c(y) be the first derivative of y**3/3 - 2*y**2 + 3*y + 268. Give c(k).
-1
Let m = -534 + 540. Let q(v) = -7*v + 7. Determine q(m).
-35
Let u(m) = 1 - 46*m + 5 - 6 + 48*m - 3. What is u(-7)?
-17
Let c(s) = -s**3 + 6*s**2 - 2*s + 11. Suppose 3*p - 6 = -3*v, -3*v - 2*p + 16 = v. Let x be c(v). Let m(b) = 7*b**3 + 2*b + 1. What is m(x)?
-8
Suppose w - 11*w + 9 = 39. Let m(v) be the first derivative of v**4/4 + v**3/3 - v**2/2 - v - 1. What is m(w)?
-16
Let y(m) = -m**3 - 5*m**2 - 5*m + 2. Let k = -10 - -14. Let b = -11 - k. Let h be b/4 + 5/(-20). Calculate y(h).
6
Let h(w) = w**2 + w + 8. Let m be -2 + (-12)/(-2) + 2 + -3. Suppose m*n = 10*n. Determine h(n).
8
Let l(g) = g - 1. Let z(q) = -q. Suppose -3*v + 3 = -3*u, -u = -2*v - 2 - 2. Let n be z(u). Give l(n).
5
Let x = 26 - 32. Let a(i) = i**2 + 7*i + 9. Let r be a(x). Let l = r + 3. Let t(n) = n + 5. Determine t(l).
11
Let t(v) be the first derivative of -25 + 1/2*v**2 + 7*v. What is t(5)?
12
Let u(i) = i**2 + i + 23. Suppose 7*m = -7*m. Give u(m).
23
Let r(v) = -v**2 + 6*v - 7. Let p(z) = -7*z + 3. Let d = 1 - 4. Let w be p(d). Suppose 2*x + 2*x - w = 0. Calculate r(x).
-7
Let g(o) = 21*o**2 + o. Suppose -5*z + z + 14 = -2*v, -5*v = -z - 1. What is g(v)?
22
Let p(y) be the first derivative of -6*y + 4 + 1/3*y**3 - 3/2*y**2. Let g be (-8)/(-16) + (-11)/(-2). Give p(g).
12
Let h(t) = -2*t. Suppose 0 = 9*r + 23 + 13. What is h(r)?
8
Let p(m) = m - 10. Suppose 3*y + 7 = 31. Suppose -5*c + 26 = 3*w, -2*w = -c - 9 - 17. Suppose y*q = w*q. What is p(q)?
-10
Let v(d) = d**3 + 7*d**2 + 4*d + 8. Let l = -238 + 231. Give v(l).
-20
Let h(g) be the second derivative of -g**5/20 + g**4/3 + g**3/6 - g**2/2 - 48*g. Let a be (4*-2)/(4/(-2)). Calculate h(a).
3
Let w(m) = -m**3 - 5*m**2 + 4*m + 3. Let t be w(-6). Let c = 11 - t. Let d(z) = 0*z**2 + 5*z**2 + z**3 - 2*z**2 + 0*z**2 - 4 - 5*z. What is d(c)?
0
Let o(d) = d. Let s(z) = z**2 + 2*z + 7. Let g be s(-3). Suppose -g = -c - 4*c. Suppose -i = 4*t + 16, 0*t + c*i = -2*t - 8. Give o(t).
-4
Let y be ((-2)/(-4))/(4/(-8)). Let t(s) = 69*s**2 + 61*s**2 - 133*s**2 - 1. Calculate t(y).
-4
Let y(p) be the first derivative of 3*p**2/2 - 4*p - 140. Determine y(2).
2
Let w(x) = -4*x**2 - 2 - 3*x - x**3 + 0*x**3 - 1. Let o = 49 + -41. Suppose p + 11 = -5*s, -5*s - o - 6 = 4*p. Calculate w(s).
-5
Let z(h) = -h**2 - 3*h - 3. Let u be z(-2). Let t(q) = 3*q + 2 + 4*q - 1 + 0. Give t(u).
-6
Suppose -5*x = i + 19, 0 = -5*i + 4*i + x + 11. Let g(a) = a**3 - 6*a**2 - 4*a + 18. What is g(i)?
-6
Suppose -5*s + 4*i = 14, -6*i = -2*s - 3*i - 7. Let p = -39 + 40. Let d = s + p. Let c(u) = -6*u**3 - u**2 - 2*u - 1. What is c(d)?
6
Let j(k) = -3*k - 10. Let l(u) = -2*u - 1. Let t(d) = j(d) + l(d). What is t(-6)?
19
Let z(b) = b**3 - 6*b**2 - 3*b + 2. Let d be 9/(27/21)*(-3)/(-7). Give z(d).
-34
Let m(j) = 22*j - 1 - 20*j + 13*j. Calculate m(-2).
-31
Let f(p) = -6*p**3 + 10*p**2 - 22*p + 6. Let y(b) = -b**3 + 2*b**2 - 4*b + 1. Let q(x) = -2*f(x) + 11*y(x). Let c = 6 - 8. Determine q(c).
-1
Let q(i) be the second derivative of -i**5/20 - 5*i**4/12 - i**3/3 - 5*i**2/2 + 8*i + 2. What is q(-5)?
5
Let a(n) = 2*n**3 - 4*n**3 - 2 + n**3 + n**2. Let p = -2 - -16. Suppose -3*u + 5*f = p, -u - 4*u - 3*f = -22. Give a(u).
-6
Let k(f) = -f**2 + 7*f - 2. Let l = 171 - 167. Suppose -4*i + 0*j + j = -24, l*i + 4*j - 44 = 0. Determine k(i).
-2
Let r(l) = 0 + l - 5*l + 0. Suppose 3*b + 0*b = 0. Let k = 1 - b. Give r(k).
-4
Suppose 17*m - 5*m = -12. Let b be 1/2*(m - -1)/(-3). Let c(i) = -i**3 + i - 10. What is c(b)?
-10
Suppose 2*f = -f - 12. Let o(g) = -8*g - 18 + 6 + 3*g + g - g**2 + 15. What is o(f)?
3
Suppose 4*z = 4*r + 12, -3*r + 4*z - 2 = 10. Let p(g) = 4*g + r*g - 2 - 2*g. Let q(u) = -u - 1. Let h be q(-4). Determine p(h).
4
Let u(o) = o**3 - 30*o**2 + 23*o + 171. Let b be u(29). Let d(r) = r**3 - 9*r - 6. What is d(b)?
-6
Let t(s) = s - 1. Let b(y) = y**2 - 4. Let k(c) = -b(c) + 2*t(c). Let d(z) = z**3 + 4*z**2 - 21*z - 2. Let w be d(-7). Calculate k(w).
-6
Let t(g) = 3 - g**3 - 8*g**2 + 4 - 1540*g + 1533*g. Suppose 2*z = 3 - 17. What is t(z)?
7
Let p = 48 - 33. Suppose 5 = 4*t - p. Let b(w) = -t*w**2 + 0*w - w**2 + w. Calculate b(1).
-5
Let o(c) = 3 - 3 + 12*c. Suppose 38 = 903*x - 905*x + 4*y, -3*y + 22 = 5*x. Determine o(x).
-12
Suppose -4*n = 38 + 34. Let j = n - -19. Suppose 5*h - j = -11. Let z(p) = -2*p**3 - 4*p**2 - 3*p - 1. What is z(h)?
5
Let m(y) be the second derivative of -y**6/720 + y**5/60 + 7*y**4/4 + 6*y. Let w(q) be the third derivative of m(q). Calculate w(8).
-6
Let b(w) = -8*w**3 + 2*w**2 - 1. Let c = -617 - -616. Calculate b(c).
9
Let l = 42 + -42. Suppose -2*k = -k - t - 1, -4*t + 4 = l. Let o(i) = -i**3 + 2*i**2 - i. Calculate o(k).
-2
Let r(h) be the second derivative of h**4/12 - 3*h**3/2 - 3*h**2/2 - 2*h + 4. Determine r(4).
-23
Let k(o) = 3*o - 9. Let q be k(8). Suppose 2*f - 6 = -2*m, 5*m + 5*f - q = 2*f. Let y(s) = s**m - 2*s + 2*s + 4*s**2 - 2*s**3 + 3*s. Calculate y(4).
12
Let j = 838 + -839. Let z(h) = 15*h + 1. What is z(j)?
-14
Let s(p) be the second derivative of p**5/20 - p**4/2 + p**3/2 - p**2 - 3*p + 23. Calculate s(5).
-12
Let v(f) = 9*f**2 - 18 - 16*f**2 + 17 + 2*f. Let i be 11/9 + 4/(-18). Give v(i).
-6
Let l(b) be the first derivative of b**3/3 + 2*b**2 - 8*b + 513. Calculate l(-6).
4
Suppose -6 = -2*n + l, 3*n - l - 14 = 3*l. Suppose 5*a + 0*j = n*j + 7, 4*j + 5 = a. Let f(b) = 6*b**3 + b**2 - b. Determine f(a).
6
Let u be (-24)/(-42)*(-7)/(-2). Let b(r) = r**3 + 3*r + 1 - 4*r**2 - 4 + u + 2. Determine b(3).
1
Let z be (12/5)/((-3)/(-10)). Let k = z - 7. Let g(w) be the third derivative of -w**4/24 - w**3/6 + 2*w**2. Calculate g(k).
-2
Suppose 115 = x - v + 21, 3*x + 2*v - 282 = 0. Let m = x + -88. Let t(d) = -d**3 + 7*d**2 - 4*d - 3. What is t(m)?
9
Let i(q) = q + 4. Let k(t) = 3*t. Let h be k(2). Let z(o) = -o**3 + 6*o**2 - 6. Let l be z(h). Give i(l).
-2
Let p(w) = 71*w - 140*w + 66*w - 1. Give p(-7).
20
Let l(i) = -i. Let s be l(-6). Let b(r) = -12*r**3 - 5*r**2 + 3*r + 27. Let k(z) = -7*z**3 - 2*z**2 + 2*z + 15. Let g(x) = 4*b(x) - 7*k(x). Give g(s).
-9
Let h(f) = -3*f + 5. Let x be h(0). Let m be (-1)/(-3) - 20/(-12). Let w(y) = m - 2 + 5 - y. Give w(x).
0
Let x = -13 - -6. Let n = -5 - x. Let q(k) = -4 + k**3 + 5 - 5*k + 6*k**2 - 3*k**n. Calculate q(-4).
5
Let n(x) = -5250 - 5*x**2 + 5252 + 2*x**2 + 7*x**2 + x**3. Suppose -5*t - 17 = 3*s, -2 + 10 = -3*s + 4*t. Determine n(s).
2
Let d = 4 - 2. Suppose 0 = d*p + 12 - 2. Let j(g) = g**3 + 6*g**2 + 6*g + 11. Let y be j(p). Let a(u) = -u + 1. What is a(y)?
-5
Let v = 742 + -735. Let b(d) = d**3 - 10*d**2 + 21*d + 9. Calculate b(v).
9
Let z(n) = -8*n - 1. Let d(m) = -22*m - 3. Let u(j) = -2*d(j) + 5*z(j). Let h(l) = l - 1. Let f be h(-2). What is u(f)?
-11
Let l(x) = 5*x - 45. Let q be l(9). Suppose 4*m - 2*a + 38 = q, -5*a + 4 = -11. Let f(b) = b**2 + 7*b + 3. Give f(m).
11
Let p(y) be the second derivative of 2*y**4/3 - y**3/6 + 114*y. What is p(1)?
7
Let f(g) = -3*g**2 - 3*g - 3. Let s be f(-2). Let m = s - -15. Let d(r) be the third derivative of -r**5/60 + r**4/4 + 5*r**3/6 - 8*r**2. Determine d(m).
5
Let l(d) = d**2 + 8*d + 1. Let s(k) = 14*k + 8. Let p be s(-1). What is l(p)?
-11
Let p(q) = -30 + 34 + 12*q - 14*q. Determine p(2).
0
Let p(x) be the first derivative of -x**2 - 7*x - 83. What is p(-8)?
9
Let f = 94 + -91. Let o be (-1 + f)/((-17)/68). Let q(l) = -l**3 - 7*l**2 + 10*l + 12. What is q(o)?
-4
Let y(k) = -k**2 + 4*k + 2. Let i be y(3). Let z(o) = -i - 6*o - 8 + 3 + 5*o. Determine z(-9).
-1
Let o(m) = -3*m - 118 +